{"id":7239,"date":"2026-04-15T14:09:50","date_gmt":"2026-04-15T12:09:50","guid":{"rendered":"https:\/\/gardeon.hu\/shop\/?post_type=product&#038;p=7239"},"modified":"2026-04-15T14:09:52","modified_gmt":"2026-04-15T12:09:52","slug":"gardeon-hintaszek-mennyezeti-rogzites","status":"publish","type":"product","link":"https:\/\/gardeon.hu\/shop\/produkt\/gardeon-hintaszek-mennyezeti-rogzites\/","title":{"rendered":"GARDEON hintasz\u00e9k | mennyezeti r\u00f6gz\u00edt\u00e9s"},"content":{"rendered":"<p><strong>A hintasz\u00e9k jellemz\u0151i<\/strong><\/p>\n<ul>\n<li>nyom\u00e1s alatt impregn\u00e1lt, hajl\u00edtott feny\u0151fa, amely garant\u00e1lja a gomb\u00e1k \u00e9s k\u00e1rtev\u0151k elleni ellen\u00e1ll\u00e1st<\/li>\n<li>a f\u00e1t b\u00e1rmilyen, \u00d6nnek tetsz\u0151 sz\u00ednre festheti<\/li>\n<li>a csomaghoz tartozik rug\u00f3 \u00e9s szersz\u00e1mok is<\/li>\n<li>a p\u00e1rn\u00e1k cipz\u00e1rral vannak ell\u00e1tva \u2013 \u00edgy kivehet\u0151k mos\u00e1shoz vagy cser\u00e9re<\/li>\n<li>a mennyezeti r\u00f6gz\u00edt\u00e9shez sz\u00fcks\u00e9ges kamp\u00f3 <strong>nem<\/strong> r\u00e9sze a csomagnak!<\/li>\n<\/ul>\n<p><strong>Sz\u00edn:<\/strong> antracit<\/p>\n<p><strong>M\u00e9retek: <\/strong>120 x 175 x 45 (M x Sz x M cm)<\/p>\n<p><span class=\"JLqJ4b\" data-language-for-alternatives=\"sk\" data-language-to-translate-into=\"auto\" data-phrase-index=\"13\"><span class=\"JLqJ4b ChMk0b\" data-language-for-alternatives=\"sk\" data-language-to-translate-into=\"auto\" data-phrase-index=\"14\"><strong>S\u00faly:<\/strong> 27 kg<\/span><\/span><\/p>\n<p><span class=\"JLqJ4b\" data-language-for-alternatives=\"sk\" data-language-to-translate-into=\"auto\" data-phrase-index=\"13\"><span class=\"JLqJ4b ChMk0b\" data-language-for-alternatives=\"sk\" data-language-to-translate-into=\"auto\" data-phrase-index=\"14\"><strong>Maxim\u00e1lis terhel\u00e9s:<\/strong> 200 kg<\/span><\/span><\/p>\n<p><strong>A csomag tartalma:<\/strong> fa v\u00e1z, pamut p\u00e1rna, szerel\u00e9si \u00fatmutat\u00f3, f\u00e9m szerelv\u00e9nyek \u00e9s a sz\u00fcks\u00e9ges szersz\u00e1mok<\/p>\n","protected":false},"excerpt":{"rendered":"<p>A GARDEON hintasz\u00e9k feny\u0151f\u00e1b\u00f3l k\u00e9sz\u00fclt. A hintasz\u00e9ket nedvess\u00e9g-, k\u00e1rtev\u0151- \u00e9s pen\u00e9sz\u00e1ll\u00f3 bevonattal kezelt\u00e9k. Erre a bevonatra b\u00e1rmilyen fel\u00fcletkezel\u00e9s felvihet\u0151. A kerti sz\u00e9k ide\u00e1lis pihen\u0151hely feln\u0151ttek \u00e9s gyermekek sz\u00e1m\u00e1ra egyar\u00e1nt. K\u00fcls\u0151 \u00e9s bels\u0151 t\u00e9rben egyar\u00e1nt haszn\u00e1lhat\u00f3. Kiv\u00e1l\u00f3 kieg\u00e9sz\u00edt\u0151 a kertbe. A hintasz\u00e9k sz\u00e9tszerelt \u00e1llapotban ker\u00fcl forgalomba, az \u00f6sszeszerel\u00e9s egyszer\u0171, k\u00f6r\u00fclbel\u00fcl 20 percet vesz ig\u00e9nybe. A matracv\u00e9d\u0151 levehet\u0151. A huzat moshat\u00f3.<\/p>\n","protected":false},"featured_media":3210,"template":"","meta":{"_acf_changed":false,"inline_featured_image":false},"product_brand":[],"product_cat":[2680,2464],"product_tag":[],"class_list":{"0":"post-7239","1":"product","2":"type-product","3":"status-publish","4":"has-post-thumbnail","6":"product_cat-hintaszekek","7":"product_cat-kiegeszitok-es-tartozekok","8":"product_shipping_class-kurier-do-30-kg","10":"first","11":"instock","12":"taxable","13":"shipping-taxable","14":"purchasable","15":"product-type-simple"},"acf":[],"yoast_head":"<!-- This site is optimized with the Yoast SEO plugin v27.4 - https:\/\/yoast.com\/product\/yoast-seo-wordpress\/ -->\n<title>GARDEON hintasz\u00e9k | mennyezeti r\u00f6gz\u00edt\u00e9s - Gardeon e-shop<\/title>\n<meta name=\"robots\" content=\"index, follow, max-snippet:-1, max-image-preview:large, max-video-preview:-1\" \/>\n<link rel=\"canonical\" href=\"https:\/\/gardeon.hu\/shop\/produkt\/gardeon-hintaszek-mennyezeti-rogzites\/\" \/>\n<meta property=\"og:locale\" content=\"hu_HU\" \/>\n<meta property=\"og:type\" content=\"article\" \/>\n<meta property=\"og:title\" content=\"GARDEON hintasz\u00e9k | mennyezeti r\u00f6gz\u00edt\u00e9s - Gardeon e-shop\" \/>\n<meta property=\"og:description\" content=\"A GARDEON hintasz\u00e9k feny\u0151f\u00e1b\u00f3l k\u00e9sz\u00fclt. A hintasz\u00e9ket nedvess\u00e9g-, k\u00e1rtev\u0151- \u00e9s pen\u00e9sz\u00e1ll\u00f3 bevonattal kezelt\u00e9k. Erre a bevonatra b\u00e1rmilyen fel\u00fcletkezel\u00e9s felvihet\u0151. A kerti sz\u00e9k ide\u00e1lis pihen\u0151hely feln\u0151ttek \u00e9s gyermekek sz\u00e1m\u00e1ra egyar\u00e1nt. K\u00fcls\u0151 \u00e9s bels\u0151 t\u00e9rben egyar\u00e1nt haszn\u00e1lhat\u00f3. Kiv\u00e1l\u00f3 kieg\u00e9sz\u00edt\u0151 a kertbe. A hintasz\u00e9k sz\u00e9tszerelt \u00e1llapotban ker\u00fcl forgalomba, az \u00f6sszeszerel\u00e9s egyszer\u0171, k\u00f6r\u00fclbel\u00fcl 20 percet vesz ig\u00e9nybe. A matracv\u00e9d\u0151 levehet\u0151. A huzat moshat\u00f3.\" \/>\n<meta property=\"og:url\" content=\"https:\/\/gardeon.hu\/shop\/produkt\/gardeon-hintaszek-mennyezeti-rogzites\/\" \/>\n<meta property=\"og:site_name\" content=\"Gardeon e-shop\" \/>\n<meta property=\"article:modified_time\" content=\"2026-04-15T12:09:52+00:00\" \/>\n<meta property=\"og:image\" content=\"https:\/\/gardeon.hu\/shop\/wp-content\/uploads\/2020\/11\/o-zone-premier-swingpod-bawelna-5.jpg\" \/>\n\t<meta property=\"og:image:width\" content=\"800\" \/>\n\t<meta property=\"og:image:height\" content=\"800\" \/>\n\t<meta property=\"og:image:type\" content=\"image\/jpeg\" \/>\n<meta name=\"twitter:card\" content=\"summary_large_image\" \/>\n<meta name=\"twitter:label1\" content=\"Becs\u00fclt olvas\u00e1si id\u0151\" \/>\n\t<meta name=\"twitter:data1\" content=\"1 perc\" \/>\n<script type=\"application\/ld+json\" class=\"yoast-schema-graph\">{\"@context\":\"https:\\\/\\\/schema.org\",\"@graph\":[{\"@type\":\"WebPage\",\"@id\":\"https:\\\/\\\/gardeon.hu\\\/shop\\\/produkt\\\/gardeon-hintaszek-mennyezeti-rogzites\\\/\",\"url\":\"https:\\\/\\\/gardeon.hu\\\/shop\\\/produkt\\\/gardeon-hintaszek-mennyezeti-rogzites\\\/\",\"name\":\"GARDEON hintasz\u00e9k | mennyezeti r\u00f6gz\u00edt\u00e9s - Gardeon e-shop\",\"isPartOf\":{\"@id\":\"https:\\\/\\\/gardeon.hu\\\/shop\\\/#website\"},\"primaryImageOfPage\":{\"@id\":\"https:\\\/\\\/gardeon.hu\\\/shop\\\/produkt\\\/gardeon-hintaszek-mennyezeti-rogzites\\\/#primaryimage\"},\"image\":{\"@id\":\"https:\\\/\\\/gardeon.hu\\\/shop\\\/produkt\\\/gardeon-hintaszek-mennyezeti-rogzites\\\/#primaryimage\"},\"thumbnailUrl\":\"https:\\\/\\\/gardeon.hu\\\/shop\\\/wp-content\\\/uploads\\\/2020\\\/11\\\/o-zone-premier-swingpod-bawelna-5.jpg\",\"datePublished\":\"2026-04-15T12:09:50+00:00\",\"dateModified\":\"2026-04-15T12:09:52+00:00\",\"breadcrumb\":{\"@id\":\"https:\\\/\\\/gardeon.hu\\\/shop\\\/produkt\\\/gardeon-hintaszek-mennyezeti-rogzites\\\/#breadcrumb\"},\"inLanguage\":\"hu\",\"potentialAction\":[{\"@type\":\"ReadAction\",\"target\":[\"https:\\\/\\\/gardeon.hu\\\/shop\\\/produkt\\\/gardeon-hintaszek-mennyezeti-rogzites\\\/\"]}]},{\"@type\":\"ImageObject\",\"inLanguage\":\"hu\",\"@id\":\"https:\\\/\\\/gardeon.hu\\\/shop\\\/produkt\\\/gardeon-hintaszek-mennyezeti-rogzites\\\/#primaryimage\",\"url\":\"https:\\\/\\\/gardeon.hu\\\/shop\\\/wp-content\\\/uploads\\\/2020\\\/11\\\/o-zone-premier-swingpod-bawelna-5.jpg\",\"contentUrl\":\"https:\\\/\\\/gardeon.hu\\\/shop\\\/wp-content\\\/uploads\\\/2020\\\/11\\\/o-zone-premier-swingpod-bawelna-5.jpg\",\"width\":800,\"height\":800,\"caption\":\"O-ZONE Premier SwingPod Z\u00e1vesn\u00e9 Kreslo - ecru\"},{\"@type\":\"BreadcrumbList\",\"@id\":\"https:\\\/\\\/gardeon.hu\\\/shop\\\/produkt\\\/gardeon-hintaszek-mennyezeti-rogzites\\\/#breadcrumb\",\"itemListElement\":[{\"@type\":\"ListItem\",\"position\":1,\"name\":\"Online Shop GARDEON\",\"item\":\"https:\\\/\\\/gardeon.at\\\/shop\\\/\"},{\"@type\":\"ListItem\",\"position\":2,\"name\":\"Kieg\u00e9sz\u00edt\u0151k \u00e9s tartoz\u00e9kok\",\"item\":\"https:\\\/\\\/gardeon.hu\\\/shop\\\/product-category\\\/kiegeszitok-es-tartozekok\\\/\"},{\"@type\":\"ListItem\",\"position\":3,\"name\":\"Hintasz\u00e9kek\",\"item\":\"https:\\\/\\\/gardeon.hu\\\/shop\\\/product-category\\\/kiegeszitok-es-tartozekok\\\/hintaszekek\\\/\"},{\"@type\":\"ListItem\",\"position\":4,\"name\":\"GARDEON hintasz\u00e9k | mennyezeti r\u00f6gz\u00edt\u00e9s\"}]},{\"@type\":\"WebSite\",\"@id\":\"https:\\\/\\\/gardeon.hu\\\/shop\\\/#website\",\"url\":\"https:\\\/\\\/gardeon.hu\\\/shop\\\/\",\"name\":\"Gardeon e-shop\",\"description\":\"\",\"potentialAction\":[{\"@type\":\"SearchAction\",\"target\":{\"@type\":\"EntryPoint\",\"urlTemplate\":\"https:\\\/\\\/gardeon.hu\\\/shop\\\/?s={search_term_string}\"},\"query-input\":{\"@type\":\"PropertyValueSpecification\",\"valueRequired\":true,\"valueName\":\"search_term_string\"}}],\"inLanguage\":\"hu\"}]}<\/script>\n<!-- \/ Yoast SEO plugin. -->","yoast_head_json":{"title":"GARDEON hintasz\u00e9k | mennyezeti r\u00f6gz\u00edt\u00e9s - Gardeon e-shop","robots":{"index":"index","follow":"follow","max-snippet":"max-snippet:-1","max-image-preview":"max-image-preview:large","max-video-preview":"max-video-preview:-1"},"canonical":"https:\/\/gardeon.hu\/shop\/produkt\/gardeon-hintaszek-mennyezeti-rogzites\/","og_locale":"hu_HU","og_type":"article","og_title":"GARDEON hintasz\u00e9k | mennyezeti r\u00f6gz\u00edt\u00e9s - Gardeon e-shop","og_description":"A GARDEON hintasz\u00e9k feny\u0151f\u00e1b\u00f3l k\u00e9sz\u00fclt. A hintasz\u00e9ket nedvess\u00e9g-, k\u00e1rtev\u0151- \u00e9s pen\u00e9sz\u00e1ll\u00f3 bevonattal kezelt\u00e9k. Erre a bevonatra b\u00e1rmilyen fel\u00fcletkezel\u00e9s felvihet\u0151. A kerti sz\u00e9k ide\u00e1lis pihen\u0151hely feln\u0151ttek \u00e9s gyermekek sz\u00e1m\u00e1ra egyar\u00e1nt. K\u00fcls\u0151 \u00e9s bels\u0151 t\u00e9rben egyar\u00e1nt haszn\u00e1lhat\u00f3. Kiv\u00e1l\u00f3 kieg\u00e9sz\u00edt\u0151 a kertbe. A hintasz\u00e9k sz\u00e9tszerelt \u00e1llapotban ker\u00fcl forgalomba, az \u00f6sszeszerel\u00e9s egyszer\u0171, k\u00f6r\u00fclbel\u00fcl 20 percet vesz ig\u00e9nybe. A matracv\u00e9d\u0151 levehet\u0151. A huzat moshat\u00f3.","og_url":"https:\/\/gardeon.hu\/shop\/produkt\/gardeon-hintaszek-mennyezeti-rogzites\/","og_site_name":"Gardeon e-shop","article_modified_time":"2026-04-15T12:09:52+00:00","og_image":[{"width":800,"height":800,"url":"https:\/\/gardeon.hu\/shop\/wp-content\/uploads\/2020\/11\/o-zone-premier-swingpod-bawelna-5.jpg","type":"image\/jpeg"}],"twitter_card":"summary_large_image","twitter_misc":{"Becs\u00fclt olvas\u00e1si id\u0151":"1 perc"},"schema":{"@context":"https:\/\/schema.org","@graph":[{"@type":"WebPage","@id":"https:\/\/gardeon.hu\/shop\/produkt\/gardeon-hintaszek-mennyezeti-rogzites\/","url":"https:\/\/gardeon.hu\/shop\/produkt\/gardeon-hintaszek-mennyezeti-rogzites\/","name":"GARDEON hintasz\u00e9k | mennyezeti r\u00f6gz\u00edt\u00e9s - Gardeon e-shop","isPartOf":{"@id":"https:\/\/gardeon.hu\/shop\/#website"},"primaryImageOfPage":{"@id":"https:\/\/gardeon.hu\/shop\/produkt\/gardeon-hintaszek-mennyezeti-rogzites\/#primaryimage"},"image":{"@id":"https:\/\/gardeon.hu\/shop\/produkt\/gardeon-hintaszek-mennyezeti-rogzites\/#primaryimage"},"thumbnailUrl":"https:\/\/gardeon.hu\/shop\/wp-content\/uploads\/2020\/11\/o-zone-premier-swingpod-bawelna-5.jpg","datePublished":"2026-04-15T12:09:50+00:00","dateModified":"2026-04-15T12:09:52+00:00","breadcrumb":{"@id":"https:\/\/gardeon.hu\/shop\/produkt\/gardeon-hintaszek-mennyezeti-rogzites\/#breadcrumb"},"inLanguage":"hu","potentialAction":[{"@type":"ReadAction","target":["https:\/\/gardeon.hu\/shop\/produkt\/gardeon-hintaszek-mennyezeti-rogzites\/"]}]},{"@type":"ImageObject","inLanguage":"hu","@id":"https:\/\/gardeon.hu\/shop\/produkt\/gardeon-hintaszek-mennyezeti-rogzites\/#primaryimage","url":"https:\/\/gardeon.hu\/shop\/wp-content\/uploads\/2020\/11\/o-zone-premier-swingpod-bawelna-5.jpg","contentUrl":"https:\/\/gardeon.hu\/shop\/wp-content\/uploads\/2020\/11\/o-zone-premier-swingpod-bawelna-5.jpg","width":800,"height":800,"caption":"O-ZONE Premier SwingPod Z\u00e1vesn\u00e9 Kreslo - ecru"},{"@type":"BreadcrumbList","@id":"https:\/\/gardeon.hu\/shop\/produkt\/gardeon-hintaszek-mennyezeti-rogzites\/#breadcrumb","itemListElement":[{"@type":"ListItem","position":1,"name":"Online Shop GARDEON","item":"https:\/\/gardeon.at\/shop\/"},{"@type":"ListItem","position":2,"name":"Kieg\u00e9sz\u00edt\u0151k \u00e9s tartoz\u00e9kok","item":"https:\/\/gardeon.hu\/shop\/product-category\/kiegeszitok-es-tartozekok\/"},{"@type":"ListItem","position":3,"name":"Hintasz\u00e9kek","item":"https:\/\/gardeon.hu\/shop\/product-category\/kiegeszitok-es-tartozekok\/hintaszekek\/"},{"@type":"ListItem","position":4,"name":"GARDEON hintasz\u00e9k | mennyezeti r\u00f6gz\u00edt\u00e9s"}]},{"@type":"WebSite","@id":"https:\/\/gardeon.hu\/shop\/#website","url":"https:\/\/gardeon.hu\/shop\/","name":"Gardeon e-shop","description":"","potentialAction":[{"@type":"SearchAction","target":{"@type":"EntryPoint","urlTemplate":"https:\/\/gardeon.hu\/shop\/?s={search_term_string}"},"query-input":{"@type":"PropertyValueSpecification","valueRequired":true,"valueName":"search_term_string"}}],"inLanguage":"hu"}]}},"pll_sync_post":[],"lang":"hu","translations":{"hu":7239,"sk":3204,"cs":4175,"de-de":4176},"_links":{"self":[{"href":"https:\/\/gardeon.hu\/shop\/wp-json\/wp\/v2\/product\/7239","targetHints":{"allow":["GET"]}}],"collection":[{"href":"https:\/\/gardeon.hu\/shop\/wp-json\/wp\/v2\/product"}],"about":[{"href":"https:\/\/gardeon.hu\/shop\/wp-json\/wp\/v2\/types\/product"}],"wp:featuredmedia":[{"embeddable":true,"href":"https:\/\/gardeon.hu\/shop\/wp-json\/wp\/v2\/media\/3210"}],"wp:attachment":[{"href":"https:\/\/gardeon.hu\/shop\/wp-json\/wp\/v2\/media?parent=7239"}],"wp:term":[{"taxonomy":"product_brand","embeddable":true,"href":"https:\/\/gardeon.hu\/shop\/wp-json\/wp\/v2\/product_brand?post=7239"},{"taxonomy":"product_cat","embeddable":true,"href":"https:\/\/gardeon.hu\/shop\/wp-json\/wp\/v2\/product_cat?post=7239"},{"taxonomy":"product_tag","embeddable":true,"href":"https:\/\/gardeon.hu\/shop\/wp-json\/wp\/v2\/product_tag?post=7239"}],"curies":[{"name":"wp","href":"https:\/\/api.w.org\/{rel}","templated":true}]}}