{"id":7112,"date":"2026-04-15T13:38:44","date_gmt":"2026-04-15T11:38:44","guid":{"rendered":"https:\/\/gardeon.hu\/shop\/?post_type=product&#038;p=7112"},"modified":"2026-04-15T13:38:44","modified_gmt":"2026-04-15T11:38:44","slug":"kerekparra-szerelheto-akasztorendszer-gardeon","status":"publish","type":"product","link":"https:\/\/gardeon.hu\/shop\/produkt\/kerekparra-szerelheto-akasztorendszer-gardeon\/","title":{"rendered":"Ker\u00e9kp\u00e1rra szerelhet\u0151 akaszt\u00f3rendszer | GARDEON"},"content":{"rendered":"<p><strong>A csomag tartalma:<\/strong> 820 mm hossz\u00fa ac\u00e9l tart\u00f3 s\u00edn (szegecsekkel, csavarokkal \u00e9s tiplikkel egy\u00fctt), a s\u00ednre szerelhet\u0151 m\u0171anyag burkolat, <span class=\"s1\">ac\u00e9l<\/span> ker\u00e9kp\u00e1rakaszt\u00f3k \u2013 2 db, kieg\u00e9sz\u00edt\u0151 <span class=\"s1\">alum\u00ednium<\/span> akaszt\u00f3k \u2013 2 db<br \/>\n<b>A felf\u00fcggeszt\u0151 rendszer teherb\u00edr\u00e1sa:<\/b> 25 kg<br \/>\n<strong>S\u00faly: <\/strong>2130 g<br \/>\n<b>Anyag: <\/b>alum\u00ednium, <span class=\"s1\">ac\u00e9l,<\/span> m\u0171anyag (a teherb\u00edr\u00f3 s\u00edn \u00e9s a ker\u00e9kp\u00e1r akaszt\u00f3 kamp\u00f3k ac\u00e9lb\u00f3l k\u00e9sz\u00fcltek, min\u0151s\u00e9gi, tart\u00f3s fel\u00fcletkezel\u00e9ssel)<br \/>\n<strong>M\u00e9retek: <\/strong>840 <b>\u00d7<\/b> 170 <b>\u00d7 <\/b>110 (Sz <b>\u00d7 <\/b>M\u00e9 <b>\u00d7 <\/b>Ma mm)<br \/>\n<b>Sz\u00edn: <\/b>sz\u00fcrke, fekete<\/p>\n<hr \/>\n<p class=\"p1\">Az \u00faj gar\u00e1zs-t\u00e1rol\u00f3rendszer nagyon j\u00f3l n\u00e9z ki, megfizethet\u0151, egyszer\u0171en felszerelhet\u0151, \u00e9s ami a legfontosabb: rengeteg helyet takar\u00edt meg a gar\u00e1zs\u00e1ban. Seg\u00edts\u00e9g\u00e9vel gyorsan rendet tehet: gar\u00e1zsban, kerti h\u00e1zik\u00f3ban, m\u0171szaki helyis\u00e9gekben, szekr\u00e9nyekben, erk\u00e9lyeken, sport- \u00e9s szabadid\u0151s felszerel\u00e9sekn\u00e9l.<\/p>\n<p class=\"p1\">A ker\u00e9kp\u00e1r-akaszt\u00f3rendszer alapja egy teherb\u00edr\u00f3 ac\u00e9l s\u00edn, amelyet csavarokkal vagy szegecsekkel r\u00f6gz\u00edtenek a falhoz, majd v\u00e9d\u0151 m\u0171anyag l\u00e9ccel fednek le. Erre a teherb\u00edr\u00f3 elemre egyszer\u0171en r\u00e1csattinthat\u00f3k a ker\u00e9kp\u00e1r akaszt\u00e1s\u00e1hoz sz\u00fcks\u00e9ges szil\u00e1rd <span class=\"s1\">ac\u00e9l<\/span> kamp\u00f3k \u00e9s kieg\u00e9sz\u00edt\u0151 akaszt\u00f3k.<\/p>\n<p>\u00a0<\/p>\n","protected":false},"excerpt":{"rendered":"<p><strong>A felf\u00fcggeszt\u0151 rendszer univerz\u00e1lis, a legt\u00f6bb ker\u00e9kp\u00e1rt\u00edpushoz alkalmas.<\/strong> Rendk\u00edv\u00fcl stabil, falra szerelhet\u0151 ker\u00e9kp\u00e1rtart\u00f3. Ha nem haszn\u00e1lja a ker\u00e9kp\u00e1rt, egyszer\u0171en akassza fel, \u00e9s \u00edgy szabad helyet nyer. A v\u00e9d\u0151 m\u0171anyag bevonat meg\u00f3vja a ker\u00e9kp\u00e1rt a s\u00e9r\u00fcl\u00e9sekt\u0151l.<\/p>\n<p class=\"p1\">Az \u00faj GARDEON ker\u00e9kp\u00e1r-akaszt\u00f3 rendszer praktikus \u00e9s egyben l\u00e1tv\u00e1nyos kialak\u00edt\u00e1s\u00fa, megfizethet\u0151 \u00e9s egyszer\u0171en felszerelhet\u0151. De legf\u0151k\u00e9ppen \u00e9rt\u00e9kes helyet takar\u00edt meg a gar\u00e1zsban, a pinc\u00e9ben vagy az el\u0151szob\u00e1ban. A f\u00fcggesztett rendszernek k\u00f6sz\u00f6nhet\u0151en azonban k\u00f6nnyen, gyorsan \u00e9s \u00e1ttekinthet\u0151en rendezheti be m\u00e1s helyis\u00e9geket is \u2013 gar\u00e1zst, kerti h\u00e1zat, pinc\u00e9t, folyos\u00f3t, el\u0151szob\u00e1t, m\u0171szaki helyis\u00e9get, erk\u00e9lyt vagy teraszt. A rendszer sport- \u00e9s rekre\u00e1ci\u00f3s l\u00e9tes\u00edtm\u00e9nyekbe is alkalmas.<\/p>\n","protected":false},"featured_media":5505,"template":"","meta":{"_acf_changed":false,"inline_featured_image":false},"product_brand":[],"product_cat":[2464,2467],"product_tag":[],"class_list":{"0":"post-7112","1":"product","2":"type-product","3":"status-publish","4":"has-post-thumbnail","6":"product_cat-kiegeszitok-es-tartozekok","7":"product_cat-zavesne-systemy","8":"product_shipping_class-kurier-do-3-kg","10":"first","11":"instock","12":"sale","13":"taxable","14":"shipping-taxable","15":"purchasable","16":"product-type-simple"},"acf":[],"yoast_head":"<!-- This site is optimized with the Yoast SEO plugin v27.4 - https:\/\/yoast.com\/product\/yoast-seo-wordpress\/ -->\n<title>Ker\u00e9kp\u00e1rra szerelhet\u0151 akaszt\u00f3rendszer | GARDEON | Gardeon e-shop<\/title>\n<meta name=\"robots\" content=\"index, follow, max-snippet:-1, max-image-preview:large, max-video-preview:-1\" \/>\n<link rel=\"canonical\" href=\"https:\/\/gardeon.hu\/shop\/produkt\/kerekparra-szerelheto-akasztorendszer-gardeon\/\" \/>\n<meta property=\"og:locale\" content=\"hu_HU\" \/>\n<meta property=\"og:type\" content=\"article\" \/>\n<meta property=\"og:title\" content=\"Ker\u00e9kp\u00e1rra szerelhet\u0151 akaszt\u00f3rendszer | GARDEON | Gardeon e-shop\" \/>\n<meta property=\"og:description\" content=\"A felf\u00fcggeszt\u0151 rendszer univerz\u00e1lis, a legt\u00f6bb ker\u00e9kp\u00e1rt\u00edpushoz alkalmas. Rendk\u00edv\u00fcl stabil, falra szerelhet\u0151 ker\u00e9kp\u00e1rtart\u00f3. Ha nem haszn\u00e1lja a ker\u00e9kp\u00e1rt, egyszer\u0171en akassza fel, \u00e9s \u00edgy szabad helyet nyer. A v\u00e9d\u0151 m\u0171anyag bevonat meg\u00f3vja a ker\u00e9kp\u00e1rt a s\u00e9r\u00fcl\u00e9sekt\u0151l. Az \u00faj GARDEON ker\u00e9kp\u00e1r-akaszt\u00f3 rendszer praktikus \u00e9s egyben l\u00e1tv\u00e1nyos kialak\u00edt\u00e1s\u00fa, megfizethet\u0151 \u00e9s egyszer\u0171en felszerelhet\u0151. De legf\u0151k\u00e9ppen \u00e9rt\u00e9kes helyet takar\u00edt meg a gar\u00e1zsban, a pinc\u00e9ben vagy az el\u0151szob\u00e1ban. A f\u00fcggesztett rendszernek k\u00f6sz\u00f6nhet\u0151en azonban k\u00f6nnyen, gyorsan \u00e9s \u00e1ttekinthet\u0151en rendezheti be m\u00e1s helyis\u00e9geket is \u2013 gar\u00e1zst, kerti h\u00e1zat, pinc\u00e9t, folyos\u00f3t, el\u0151szob\u00e1t, m\u0171szaki helyis\u00e9get, erk\u00e9lyt vagy teraszt. A rendszer sport- \u00e9s rekre\u00e1ci\u00f3s l\u00e9tes\u00edtm\u00e9nyekbe is alkalmas.\" \/>\n<meta property=\"og:url\" content=\"https:\/\/gardeon.hu\/shop\/produkt\/kerekparra-szerelheto-akasztorendszer-gardeon\/\" \/>\n<meta property=\"og:site_name\" content=\"Gardeon e-shop\" \/>\n<meta property=\"og:image\" content=\"https:\/\/gardeon.hu\/shop\/wp-content\/uploads\/2023\/09\/gardeon-zavesny-system-na-bicykel-6-scaled.webp\" \/>\n\t<meta property=\"og:image:width\" content=\"2560\" \/>\n\t<meta property=\"og:image:height\" content=\"1439\" \/>\n\t<meta property=\"og:image:type\" content=\"image\/webp\" \/>\n<meta name=\"twitter:card\" content=\"summary_large_image\" \/>\n<meta name=\"twitter:label1\" content=\"Becs\u00fclt olvas\u00e1si id\u0151\" \/>\n\t<meta name=\"twitter:data1\" content=\"1 perc\" \/>\n<script type=\"application\/ld+json\" class=\"yoast-schema-graph\">{\"@context\":\"https:\\\/\\\/schema.org\",\"@graph\":[{\"@type\":\"WebPage\",\"@id\":\"https:\\\/\\\/gardeon.hu\\\/shop\\\/produkt\\\/kerekparra-szerelheto-akasztorendszer-gardeon\\\/\",\"url\":\"https:\\\/\\\/gardeon.hu\\\/shop\\\/produkt\\\/kerekparra-szerelheto-akasztorendszer-gardeon\\\/\",\"name\":\"Ker\u00e9kp\u00e1rra szerelhet\u0151 akaszt\u00f3rendszer | GARDEON | Gardeon e-shop\",\"isPartOf\":{\"@id\":\"https:\\\/\\\/gardeon.hu\\\/shop\\\/#website\"},\"primaryImageOfPage\":{\"@id\":\"https:\\\/\\\/gardeon.hu\\\/shop\\\/produkt\\\/kerekparra-szerelheto-akasztorendszer-gardeon\\\/#primaryimage\"},\"image\":{\"@id\":\"https:\\\/\\\/gardeon.hu\\\/shop\\\/produkt\\\/kerekparra-szerelheto-akasztorendszer-gardeon\\\/#primaryimage\"},\"thumbnailUrl\":\"https:\\\/\\\/gardeon.hu\\\/shop\\\/wp-content\\\/uploads\\\/2023\\\/09\\\/gardeon-zavesny-system-na-bicykel-6-scaled.webp\",\"datePublished\":\"2026-04-15T11:38:44+00:00\",\"breadcrumb\":{\"@id\":\"https:\\\/\\\/gardeon.hu\\\/shop\\\/produkt\\\/kerekparra-szerelheto-akasztorendszer-gardeon\\\/#breadcrumb\"},\"inLanguage\":\"hu\",\"potentialAction\":[{\"@type\":\"ReadAction\",\"target\":[\"https:\\\/\\\/gardeon.hu\\\/shop\\\/produkt\\\/kerekparra-szerelheto-akasztorendszer-gardeon\\\/\"]}]},{\"@type\":\"ImageObject\",\"inLanguage\":\"hu\",\"@id\":\"https:\\\/\\\/gardeon.hu\\\/shop\\\/produkt\\\/kerekparra-szerelheto-akasztorendszer-gardeon\\\/#primaryimage\",\"url\":\"https:\\\/\\\/gardeon.hu\\\/shop\\\/wp-content\\\/uploads\\\/2023\\\/09\\\/gardeon-zavesny-system-na-bicykel-6-scaled.webp\",\"contentUrl\":\"https:\\\/\\\/gardeon.hu\\\/shop\\\/wp-content\\\/uploads\\\/2023\\\/09\\\/gardeon-zavesny-system-na-bicykel-6-scaled.webp\",\"width\":2560,\"height\":1439,\"caption\":\"GARDEON z\u00e1vesn\u00fd syst\u00e9m na bicykel na stene stavby s h\u00e1kmi na doplnky\"},{\"@type\":\"BreadcrumbList\",\"@id\":\"https:\\\/\\\/gardeon.hu\\\/shop\\\/produkt\\\/kerekparra-szerelheto-akasztorendszer-gardeon\\\/#breadcrumb\",\"itemListElement\":[{\"@type\":\"ListItem\",\"position\":1,\"name\":\"Online Shop GARDEON\",\"item\":\"https:\\\/\\\/gardeon.at\\\/shop\\\/\"},{\"@type\":\"ListItem\",\"position\":2,\"name\":\"Kieg\u00e9sz\u00edt\u0151k \u00e9s tartoz\u00e9kok\",\"item\":\"https:\\\/\\\/gardeon.hu\\\/shop\\\/product-category\\\/kiegeszitok-es-tartozekok\\\/\"},{\"@type\":\"ListItem\",\"position\":3,\"name\":\"Z\u00e1v\u011bsn\u00e9 syst\u00e9my\",\"item\":\"https:\\\/\\\/gardeon.hu\\\/shop\\\/product-category\\\/kiegeszitok-es-tartozekok\\\/zavesne-systemy\\\/\"},{\"@type\":\"ListItem\",\"position\":4,\"name\":\"Ker\u00e9kp\u00e1rra szerelhet\u0151 akaszt\u00f3rendszer | GARDEON\"}]},{\"@type\":\"WebSite\",\"@id\":\"https:\\\/\\\/gardeon.hu\\\/shop\\\/#website\",\"url\":\"https:\\\/\\\/gardeon.hu\\\/shop\\\/\",\"name\":\"Gardeon e-shop\",\"description\":\"\",\"potentialAction\":[{\"@type\":\"SearchAction\",\"target\":{\"@type\":\"EntryPoint\",\"urlTemplate\":\"https:\\\/\\\/gardeon.hu\\\/shop\\\/?s={search_term_string}\"},\"query-input\":{\"@type\":\"PropertyValueSpecification\",\"valueRequired\":true,\"valueName\":\"search_term_string\"}}],\"inLanguage\":\"hu\"}]}<\/script>\n<!-- \/ Yoast SEO plugin. -->","yoast_head_json":{"title":"Ker\u00e9kp\u00e1rra szerelhet\u0151 akaszt\u00f3rendszer | GARDEON | Gardeon e-shop","robots":{"index":"index","follow":"follow","max-snippet":"max-snippet:-1","max-image-preview":"max-image-preview:large","max-video-preview":"max-video-preview:-1"},"canonical":"https:\/\/gardeon.hu\/shop\/produkt\/kerekparra-szerelheto-akasztorendszer-gardeon\/","og_locale":"hu_HU","og_type":"article","og_title":"Ker\u00e9kp\u00e1rra szerelhet\u0151 akaszt\u00f3rendszer | GARDEON | Gardeon e-shop","og_description":"A felf\u00fcggeszt\u0151 rendszer univerz\u00e1lis, a legt\u00f6bb ker\u00e9kp\u00e1rt\u00edpushoz alkalmas. Rendk\u00edv\u00fcl stabil, falra szerelhet\u0151 ker\u00e9kp\u00e1rtart\u00f3. Ha nem haszn\u00e1lja a ker\u00e9kp\u00e1rt, egyszer\u0171en akassza fel, \u00e9s \u00edgy szabad helyet nyer. A v\u00e9d\u0151 m\u0171anyag bevonat meg\u00f3vja a ker\u00e9kp\u00e1rt a s\u00e9r\u00fcl\u00e9sekt\u0151l. Az \u00faj GARDEON ker\u00e9kp\u00e1r-akaszt\u00f3 rendszer praktikus \u00e9s egyben l\u00e1tv\u00e1nyos kialak\u00edt\u00e1s\u00fa, megfizethet\u0151 \u00e9s egyszer\u0171en felszerelhet\u0151. De legf\u0151k\u00e9ppen \u00e9rt\u00e9kes helyet takar\u00edt meg a gar\u00e1zsban, a pinc\u00e9ben vagy az el\u0151szob\u00e1ban. A f\u00fcggesztett rendszernek k\u00f6sz\u00f6nhet\u0151en azonban k\u00f6nnyen, gyorsan \u00e9s \u00e1ttekinthet\u0151en rendezheti be m\u00e1s helyis\u00e9geket is \u2013 gar\u00e1zst, kerti h\u00e1zat, pinc\u00e9t, folyos\u00f3t, el\u0151szob\u00e1t, m\u0171szaki helyis\u00e9get, erk\u00e9lyt vagy teraszt. A rendszer sport- \u00e9s rekre\u00e1ci\u00f3s l\u00e9tes\u00edtm\u00e9nyekbe is alkalmas.","og_url":"https:\/\/gardeon.hu\/shop\/produkt\/kerekparra-szerelheto-akasztorendszer-gardeon\/","og_site_name":"Gardeon e-shop","og_image":[{"width":2560,"height":1439,"url":"https:\/\/gardeon.hu\/shop\/wp-content\/uploads\/2023\/09\/gardeon-zavesny-system-na-bicykel-6-scaled.webp","type":"image\/webp"}],"twitter_card":"summary_large_image","twitter_misc":{"Becs\u00fclt olvas\u00e1si id\u0151":"1 perc"},"schema":{"@context":"https:\/\/schema.org","@graph":[{"@type":"WebPage","@id":"https:\/\/gardeon.hu\/shop\/produkt\/kerekparra-szerelheto-akasztorendszer-gardeon\/","url":"https:\/\/gardeon.hu\/shop\/produkt\/kerekparra-szerelheto-akasztorendszer-gardeon\/","name":"Ker\u00e9kp\u00e1rra szerelhet\u0151 akaszt\u00f3rendszer | GARDEON | Gardeon e-shop","isPartOf":{"@id":"https:\/\/gardeon.hu\/shop\/#website"},"primaryImageOfPage":{"@id":"https:\/\/gardeon.hu\/shop\/produkt\/kerekparra-szerelheto-akasztorendszer-gardeon\/#primaryimage"},"image":{"@id":"https:\/\/gardeon.hu\/shop\/produkt\/kerekparra-szerelheto-akasztorendszer-gardeon\/#primaryimage"},"thumbnailUrl":"https:\/\/gardeon.hu\/shop\/wp-content\/uploads\/2023\/09\/gardeon-zavesny-system-na-bicykel-6-scaled.webp","datePublished":"2026-04-15T11:38:44+00:00","breadcrumb":{"@id":"https:\/\/gardeon.hu\/shop\/produkt\/kerekparra-szerelheto-akasztorendszer-gardeon\/#breadcrumb"},"inLanguage":"hu","potentialAction":[{"@type":"ReadAction","target":["https:\/\/gardeon.hu\/shop\/produkt\/kerekparra-szerelheto-akasztorendszer-gardeon\/"]}]},{"@type":"ImageObject","inLanguage":"hu","@id":"https:\/\/gardeon.hu\/shop\/produkt\/kerekparra-szerelheto-akasztorendszer-gardeon\/#primaryimage","url":"https:\/\/gardeon.hu\/shop\/wp-content\/uploads\/2023\/09\/gardeon-zavesny-system-na-bicykel-6-scaled.webp","contentUrl":"https:\/\/gardeon.hu\/shop\/wp-content\/uploads\/2023\/09\/gardeon-zavesny-system-na-bicykel-6-scaled.webp","width":2560,"height":1439,"caption":"GARDEON z\u00e1vesn\u00fd syst\u00e9m na bicykel na stene stavby s h\u00e1kmi na doplnky"},{"@type":"BreadcrumbList","@id":"https:\/\/gardeon.hu\/shop\/produkt\/kerekparra-szerelheto-akasztorendszer-gardeon\/#breadcrumb","itemListElement":[{"@type":"ListItem","position":1,"name":"Online Shop GARDEON","item":"https:\/\/gardeon.at\/shop\/"},{"@type":"ListItem","position":2,"name":"Kieg\u00e9sz\u00edt\u0151k \u00e9s tartoz\u00e9kok","item":"https:\/\/gardeon.hu\/shop\/product-category\/kiegeszitok-es-tartozekok\/"},{"@type":"ListItem","position":3,"name":"Z\u00e1v\u011bsn\u00e9 syst\u00e9my","item":"https:\/\/gardeon.hu\/shop\/product-category\/kiegeszitok-es-tartozekok\/zavesne-systemy\/"},{"@type":"ListItem","position":4,"name":"Ker\u00e9kp\u00e1rra szerelhet\u0151 akaszt\u00f3rendszer | GARDEON"}]},{"@type":"WebSite","@id":"https:\/\/gardeon.hu\/shop\/#website","url":"https:\/\/gardeon.hu\/shop\/","name":"Gardeon e-shop","description":"","potentialAction":[{"@type":"SearchAction","target":{"@type":"EntryPoint","urlTemplate":"https:\/\/gardeon.hu\/shop\/?s={search_term_string}"},"query-input":{"@type":"PropertyValueSpecification","valueRequired":true,"valueName":"search_term_string"}}],"inLanguage":"hu"}]}},"pll_sync_post":[],"lang":"hu","translations":{"hu":7112,"sk":5696,"cs":5697,"de-de":5698,"de-at":5699},"_links":{"self":[{"href":"https:\/\/gardeon.hu\/shop\/wp-json\/wp\/v2\/product\/7112","targetHints":{"allow":["GET"]}}],"collection":[{"href":"https:\/\/gardeon.hu\/shop\/wp-json\/wp\/v2\/product"}],"about":[{"href":"https:\/\/gardeon.hu\/shop\/wp-json\/wp\/v2\/types\/product"}],"wp:featuredmedia":[{"embeddable":true,"href":"https:\/\/gardeon.hu\/shop\/wp-json\/wp\/v2\/media\/5505"}],"wp:attachment":[{"href":"https:\/\/gardeon.hu\/shop\/wp-json\/wp\/v2\/media?parent=7112"}],"wp:term":[{"taxonomy":"product_brand","embeddable":true,"href":"https:\/\/gardeon.hu\/shop\/wp-json\/wp\/v2\/product_brand?post=7112"},{"taxonomy":"product_cat","embeddable":true,"href":"https:\/\/gardeon.hu\/shop\/wp-json\/wp\/v2\/product_cat?post=7112"},{"taxonomy":"product_tag","embeddable":true,"href":"https:\/\/gardeon.hu\/shop\/wp-json\/wp\/v2\/product_tag?post=7112"}],"curies":[{"name":"wp","href":"https:\/\/api.w.org\/{rel}","templated":true}]}}